
Let f = -2 + 44. Suppose 37*k = f*k - 850. List the prime factors of k.
2, 5, 17
Let r(t) = 72*t - 145. List the prime factors of r(57).
37, 107
What are the prime factors of ((-2111)/44 + (-66)/242)/(2/(-608))?
2, 19, 193
Let z = 1339 - 883. Let c = z + -214. Suppose 3*v - c = -3*s + 22, 0 = s - 3*v - 80. What are the prime factors of s?
2, 43
Suppose -49*h + 20*h = -11*h - 27738. What are the prime factors of h?
23, 67
Let d = 92 - 87. Suppose 0 = 5*j + d*x - 1180, -3*j - 2*x = -7*x - 700. Let w = -161 + j. What are the prime factors of w?
2, 37
Suppose 0 = -5*l - 15, -3*w - l - 3 = w. Suppose w = 4*r + 15*r - 7999. What are the prime factors of r?
421
List the prime factors of 709698/32 + 179/(-2864).
2, 13, 853
Suppose 0 = -11*u - 80 - 635. Let i = u - -1402. List the prime factors of i.
7, 191
Let v be (-1)/(-2)*((-6)/3 + 2). Suppose 4*d - 1853 = 5*p, 5*d + 2*p - 2275 = -v*p. What are the prime factors of d?
457
Let i = -198 - -198. Suppose 5*s = 4*k + 2803, 3*k = -i*s + 3*s - 1680. List the prime factors of s.
563
Suppose t - 2*q = -14, -3*t + 4*q - 3*q - 42 = 0. What are the prime factors of ((-360)/14)/(4/t)?
2, 3, 5
Let n be (46/(-11) - 1) + (-208)/(-1144). What are the prime factors of 22900/(-40)*2/n?
229
Let a = -43 - -45. Suppose 3*y = -a*z + 156, 0*z = 4*y - 5*z - 231. Let r = y - -7. What are the prime factors of r?
61
Let r(u) = 13*u - 2. Let i(y) = 12*y - 2. Let z(a) = 6*i(a) - 5*r(a). Let o be z(14). Suppose o = -4*v + 5*v. List the prime factors of v.
2, 3
Let w be -48*1*(5 + -6). Suppose s - w = -s. What are the prime factors of ((-122)/(-8))/((-90)/s - -4)?
61
Suppose 5*y = 4*y - 3*x - 581, -4*x - 1158 = 2*y. Let a = -103 - y. What are the prime factors of a?
2, 59
Suppose 0 = -5*m - 5, -6*m = -5*w - 3*m + 443. Suppose -w*i + 89*i - 1273 = 0. What are the prime factors of i?
19, 67
Let o(c) = 29*c**2 - 2751*c - 209. List the prime factors of o(108).
40939
Suppose 297*a = 301*a - 92. Let k(i) be the second derivative of -i**5/20 + 2*i**4 - 17*i**3/6 - 14*i**2 - i. What are the prime factors of k(a)?
2, 5, 11
Let g be (-3)/(1*6/(-148)). Let h = g + -32. Let d = -16 + h. What are the prime factors of d?
2, 13
Let s(r) = -r**3 + 4*r**2 - 6*r + 2. Let t be s(3). Let y be 1 - -1 - (t + 1). Suppose -5*b = -3*f + 10, -3*f + 5*b - 70 = -y*f. List the prime factors of f.
2, 5
Let y(u) = 3*u**3 - 16*u - 7. Let p be 54/7 - 17/(476/(-8)). List the prime factors of y(p).
3, 467
Suppose -7*r - 95780 = -17*r. What are the prime factors of r?
2, 4789
What are the prime factors of 2*(-10)/(-24) - 3861098/(-444)?
3, 13, 223
What are the prime factors of 2103507/48 + -10 + 4/(-64)?
7, 11, 569
Suppose 30*d + 16*d - 2423208 = -47*d. List the prime factors of d.
2, 3257
Suppose 4*s = -4, 0 = -b - 8*s + 4*s - 6. Let r = -9 - b. Let o(q) = -18*q + 9. List the prime factors of o(r).
3, 5
Let f(l) = -95 + 43*l - 35*l - 91*l. List the prime factors of f(-7).
2, 3
Let m(k) = -2*k**3 - 3*k**2 - k + 3. Let w be m(-3). Let v = -14 + w. Suppose -v = -j + 49. What are the prime factors of j?
2, 17
Suppose -5*k - 58 = -2*f, -5*f + 8*k - 3*k + 175 = 0. Suppose -2*v + f - 13 = 0. Suppose 107 + v = 5*l. List the prime factors of l.
2, 3
Let t = -48217 - -71556. List the prime factors of t.
23339
Suppose -35*x + 536367 = 4*x + 12*x. List the prime factors of x.
13, 809
Let h = -5515 - -19970. List the prime factors of h.
5, 7, 59
Let n be ((132/(-9))/4)/((-5)/30). Suppose n*s - 27*s + 4405 = 0. List the prime factors of s.
881
Suppose -67 + 55 = -2*a. Suppose 5*n = a*n - 257. What are the prime factors of n?
257
Suppose -3*t + 2*x - 4*x = 31, 4*t + 56 = x. Let n(k) = -k**3 - 11*k**2 - 36*k - 28. List the prime factors of n(t).
2, 389
Suppose d = 4*f + 4 + 39, -2*f = -3*d + 89. Suppose t + 5*g - 694 = 0, -23*t = -d*t - 5*g + 2806. What are the prime factors of t?
2, 11
Let l(v) = -3322*v + 121. List the prime factors of l(-5).
3, 11, 13
List the prime factors of 15/75 + 530571/20*(-104)/(-39).
3, 23581
Suppose -91190 = -5*s + 5*k, -4*s + 63984 + 9010 = 2*k. List the prime factors of s.
5, 41, 89
Suppose k - 20211 = 6785 - 1763. What are the prime factors of k?
3, 13, 647
Let w(b) = 5*b**2 - b + 22. Let i be w(-5). Suppose f = 5*n - 762, -2*f - i + 5 = -n. List the prime factors of n.
3, 17
List the prime factors of 20*((-56241)/(-180) + 3/(-15)).
5, 1249
Suppose 5*k = -4*h - 1754, -k - 5*h = -113 + 447. Let g = 357 + -899. Let r = k - g. What are the prime factors of r?
2, 47
Let p be 1329 + ((-6)/(-8))/(37/148). Suppose p = 38*o - 34*o. List the prime factors of o.
3, 37
Let q be (-4)/16 + 2/8. Suppose 4*w - 9*w + 45 = 0. Suppose q = -5*i + w*i - 120. List the prime factors of i.
2, 3, 5
Let x = -31 - -32. Suppose -x = y - 4. Suppose -4*n + 55 = y. What are the prime factors of n?
13
Suppose d - 21660 = -x, -14*x - 86675 = -4*d - 13*x. List the prime factors of d.
47, 461
Suppose 56*o - 79*o + 41*o - 376380 = 0. List the prime factors of o.
2, 3, 5, 17, 41
Let u(r) = r**3 + 44*r**2 + 162*r - 85. List the prime factors of u(-38).
2423
Let c(z) = 8*z**2 - z**2 - 9*z**2 + 13*z - 1. Let a be c(6). Suppose a*w = 4*f - 7*f + 533, 2*f - 326 = 4*w. List the prime factors of f.
3, 19
Let t(z) be the third derivative of 19*z**4/24 - z**3 - 15*z**2. Let b(d) = -d**3 - 7*d**2 - 7*d + 2. Let l be b(-6). List the prime factors of t(l).
2, 73
Suppose -c = 10*c. Suppose -x - 3*k + 1 = 0, 3*x + 4*k + 17 = -c*k. What are the prime factors of (-3261)/(-33) - 2/x - -3?
2, 3, 17
Let v = -99 + 176. Let n = v - -5. List the prime factors of n.
2, 41
Suppose 51*p = 331 - 127. Suppose -v + p = 0, 0 = 4*t - 4*v - 4555 + 1523. What are the prime factors of t?
2, 3, 127
Let i(y) = y**2 + 17*y + 3. Let u be i(-17). Suppose -u*b - 7*b = -4250. List the prime factors of b.
5, 17
Let k = -118 - -140. Suppose k*v - 890 = 20*v. What are the prime factors of v?
5, 89
Suppose -3*p = 6*f - 11*f - 85480, 4*f - 4 = 0. Suppose 0 = -52*w + p - 10399. What are the prime factors of w?
2, 3, 29
List the prime factors of (1503 - (-112)/14)*(-23)/(-1).
23, 1511
Let g = 1048 - -3949. What are the prime factors of g?
19, 263
Let a = -596 - -562. Let p be (-1 + 2/4)*-84. Let j = p + a. List the prime factors of j.
2
Suppose 0 = 2*l + 13*t - 15*t - 2942, -4412 = -3*l + 2*t. Suppose 0 = 2*s - 1592 - l. What are the prime factors of s?
1531
Suppose -10*v - 10 - 10 = 0. Let j(l) = 154*l**2 - 7*l - 5. List the prime factors of j(v).
5
Suppose -1786 = 2*z - 3*d - 5492, -9265 = -5*z + 4*d. What are the prime factors of z?
17, 109
Let i(n) = 29*n + 89. Let p be i(-6). Let x = 414 + p. List the prime factors of x.
7, 47
Let h(p) be the first derivative of p**4/4 + 14*p**3/3 - 19*p**2/2 + 15*p - 69. List the prime factors of h(-12).
3, 59
Let y be (1807/6 - -5) + 5/(-30). Let f = 487 - y. What are the prime factors of f?
181
Suppose 6*p + 687 + 1197 = 0. Let q = p + 554. What are the prime factors of q?
2, 3, 5
Suppose -42*n - 50*n + 81*n = -662574. What are the prime factors of n?
2, 3, 10039
Let n(y) = 6*y**2 - 2*y - 1. Let d be ((-1)/2)/(2/(-4)) + 0. Let r(b) = -5*b**3 - b**2 + 2*b - 1. Let j be r(d). What are the prime factors of n(j)?
3, 53
Let k(f) = -f**3 - 2*f**2 + 2. Let r be k(0). List the prime factors of 9 - (0 - 82/r).
2, 5
Let o(i) = 71*i - 33. Let u(w) = 70*w - 32. Let f(j) = -5*o(j) + 6*u(j). Let c = 25 - 22. List the prime factors of f(c).
2, 3, 7
List the prime factors of 4211/((-2 - 11)/(-13)).
4211
Suppose 4*s - 2303 = -7*l + 4*l, 5*l = -4*s + 3825. Let r = l - 533. What are the prime factors of r?
2, 3, 19
Suppose 2*y = -3*c - 3 - 10, 0 = -3*y + 3*c + 3. List the prime factors of 16608/56 - y*(-6)/21.
2, 37
Let u(q) = -34*q - 102. Let x be u(-3). Suppose x = 40*i + 62 - 64782. List the prime factors of i.
2, 809
Suppose 0 = 28*j + 6*j - 970502 + 202646. List the prime factors of j.
2, 3, 941
Let o(k) = -k**3 + 2*k**2 - k - 2. Let b be o(0). Let y(m) = -2*m + 6. Let l be y(b). Suppose -l*h + 704 + 196 = 0. What are the prime factors of h?
2, 3, 5
Let x be -1*(0 + -2 - 38). Let h = -37 + x. Suppose -5*d - 40 = -n, -31 = -h*n - 4*d - 6. What are the prime factors of n?
3, 5
Let l(u) = -74*u**3 + 4*u**2 - u - 25. List the prime factors of l(-7).
2, 3, 5, 71
What are the prime factors of (-39)/3*(